hat is the tens digit of 302556?
5
What is the hundred thousands digit of 349676?
3
What is the units digit of 408353?
3
What is the ten thousands digit of 3190294?
9
What is the millions digit of 20354178?
0
What is the thousands digit of 5175748?
5
What is the tens digit of 10105133?
3
What is the hundreds digit of 1896038?
0
What is the units digit of 107927?
7
What is the tens digit of 57785?
8
What is the units digit of 5146689?
9
What is the hundred thousands digit of 7861207?
8
What is the ten thousands digit of 1846027?
4
What is the thousands digit of 12255601?
5
What is the ten thousands digit of 24221?
2
What is the units digit of 7699939?
9
What is the millions digit of 16181856?
6
What is the thousands digit of 364307?
4
What is the ten thousands digit of 2027976?
2
What is the units digit of 972719?
9
What is the tens digit of 5233778?
7
What is the units digit of 8634126?
6
What is the hundred thousands digit of 4641326?
6
What is the hundreds digit of 404864?
8
What is the tens digit of 83699?
9
What is the ten thousands digit of 3201617?
0
What is the units digit of 337991?
1
What is the thousands digit of 7064811?
4
What is the hundred thousands digit of 4386654?
3
What is the units digit of 1355599?
9
What is the thousands digit of 5296165?
6
What is the hundred thousands digit of 335143?
3
What is the ten thousands digit of 4869365?
6
What is the hundred thousands digit of 185752?
1
What is the hundreds digit of 8969790?
7
What is the units digit of 1035065?
5
What is the hundreds digit of 674617?
6
What is the units digit of 168829?
9
What is the thousands digit of 9251029?
1
What is the units digit of 1675778?
8
What is the thousands digit of 7591634?
1
What is the hundreds digit of 162787?
7
What is the ten thousands digit of 4326348?
2
What is the thousands digit of 975561?
5
What is the tens digit of 745431?
3
What is the ten thousands digit of 1659698?
5
What is the ten thousands digit of 15051179?
5
What is the ten thousands digit of 10388975?
8
What is the tens digit of 43407?
0
What is the ten thousands digit of 14465654?
6
What is the hundred thousands digit of 972137?
9
What is the millions digit of 2458051?
2
What is the units digit of 739298?
8
What is the millions digit of 7657044?
7
What is the hundred thousands digit of 237657?
2
What is the thousands digit of 42073?
2
What is the tens digit of 225846?
4
What is the tens digit of 9942833?
3
What is the ten thousands digit of 447809?
4
What is the thousands digit of 2026?
2
What is the tens digit of 9514836?
3
What is the units digit of 1876227?
7
What is the tens digit of 877361?
6
What is the hundred thousands digit of 327043?
3
What is the hundred thousands digit of 330464?
3
What is the hundred thousands digit of 3038948?
0
What is the millions digit of 4582255?
4
What is the ten thousands digit of 1085903?
8
What is the tens digit of 5741456?
5
What is the hundred thousands digit of 597169?
5
What is the hundred thousands digit of 3021747?
0
What is the units digit of 960127?
7
What is the units digit of 22708088?
8
What is the ten thousands digit of 16214647?
1
What is the thousands digit of 4806503?
6
What is the thousands digit of 168640?
8
What is the tens digit of 1568752?
5
What is the units digit of 7160331?
1
What is the units digit of 477543?
3
What is the hundreds digit of 65922?
9
What is the thousands digit of 3382968?
2
What is the units digit of 184383?
3
What is the units digit of 2769593?
3
What is the hundred thousands digit of 10403829?
4
What is the hundreds digit of 16014259?
2
What is the ten thousands digit of 12609368?
0
What is the tens digit of 6045695?
9
What is the thousands digit of 27547610?
7
What is the units digit of 957877?
7
What is the thousands digit of 15346?
5
What is the thousands digit of 133635?
3
What is the hundred thousands digit of 708998?
7
What is the units digit of 516177?
7
What is the ten thousands digit of 3373006?
7
What is the tens digit of 9283618?
1
What is the units digit of 49733?
3
What is the thousands digit of 171335?
1
What is the units digit of 198123?
3
What is the units digit of 1256904?
4
What is the units digit of 239823?
3
What is the millions digit of 4359392?
4
What is the hundreds digit of 484864?
8
What is the thousands digit of 2902149?
2
What is the tens digit of 4834617?
1
What is the thousands digit of 16604?
6
What is the ten thousands digit of 112634?
1
What is the hundreds digit of 331974?
9
What is the units digit of 654491?
1
What is the units digit of 374313?
3
What is the hundreds digit of 2052580?
5
What is the hundred thousands digit of 189035?
1
What is the units digit of 1173099?
9
What is the units digit of 4724165?
5
What is the ten thousands digit of 1922149?
2
What is the hundred thousands digit of 381259?
3
What is the tens digit of 21893687?
8
What is the hundreds digit of 9710948?
9
What is the hundreds digit of 664290?
2
What is the hundred thousands digit of 5623223?
6
What is the units digit of 2685684?
4
What is the hundreds digit of 5508571?
5
What is the hundred thousands digit of 213927?
2
What is the hundred thousands digit of 545369?
5
What is the millions digit of 3893404?
3
What is the hundreds digit of 370127?
1
What is the hundreds digit of 12286?
2
What is the units digit of 13591007?
7
What is the ten thousands digit of 18600054?
0
What is the units digit of 1280132?
2
What is the millions digit of 30907951?
0
What is the tens digit of 7515436?
3
What is the ten thousands digit of 61551?
6
What is the millions digit of 1150957?
1
What is the ten thousands digit of 3540854?
4
What is the hundred thousands digit of 263629?
2
What is the tens digit of 29280?
8
What is the millions digit of 4142505?
4
What is the hundred thousands digit of 204499?
2
What is the ten millions digit of 25389189?
2
What is the units digit of 279960?
0
What is the ten thousands digit of 2464886?
6
What is the units digit of 9908768?
8
What is the hundred thousands digit of 5706322?
7
What is the ten thousands digit of 318468?
1
What is the hundred thousands digit of 11204836?
2
What is the thousands digit of 21325632?
5
What is the hundreds digit of 28964648?
6
What is the tens digit of 1506030?
3
What is the millions digit of 8832690?
8
What is the thousands digit of 538780?
8
What is the thousands digit of 2646114?
6
What is the units digit of 257826?
6
What is the units digit of 3777142?
2
What is the hundreds digit of 24456642?
6
What is the hundred thousands digit of 517942?
5
What is the hundreds digit of 19715?
7
What is the ten thousands digit of 194886?
9
What is the tens digit of 173544?
4
What is the units digit of 3908716?
6
What is the tens digit of 31635?
3
What is the hundreds digit of 7968203?
2
What is the hundred thousands digit of 7833459?
8
What is the units digit of 527724?
4
What is the hundreds digit of 4769159?
1
What is the units digit of 7898604?
4
What is the units digit of 2667426?
6
What is the ten thousands digit of 5296458?
9
What is the tens digit of 15951207?
0
What is the hundred thousands digit of 2809030?
8
What is the thousands digit of 2679981?
9
What is the tens digit of 5296305?
0
What is the units digit of 9197514?
4
What is the hundreds digit of 7084635?
6
What is the tens digit of 9614626?
2
What is the hundreds digit of 1252300?
3
What is the ten thousands digit of 648998?
4
What is the thousands digit of 816360?
6
What is the millions digit of 3632423?
3
What is the hundred thousands digit of 9376998?
3
What is the tens digit of 26986?
8
What is the tens digit of 4309168?
6
What is the hundred thousands digit of 263883?
2
What is the tens digit of 873178?
7
What is the hundred thousands digit of 361589?
3
What is the hundreds digit of 1832329?
3
What is the tens digit of 378807?
0
What is the ten thousands digit of 779023?
7
What is the ten thousands digit of 207582?
0
What is the units digit of 47440?
0
What is the tens digit of 2779210?
1
What is the units digit of 1372783?
3
What is the millions digit of 1042926?
1
What is the millions digit of 14809115?
4
What is the thousands digit of 170456?
0
What is the hundreds digit of 4934438?
4
What is the units digit of 1242343?
3
What is the thousands digit of 9386635?
6
What i